-12*v - 5. Suppose 54 = -4*y + 2*j, 2*y - 5*y - j = 48. Let k be h(y). Let t = k - 94. List the prime factors of t.
3
Let b = -31 + 32. Let g be (b + 0 - -13)/2. Let n(a) = a**3 - 6*a**2 + 4*a - 1. What are the prime factors of n(g)?
2, 19
Let m be 2/(-4 + (2 - -1)). Let g(r) be the second derivative of 5*r**4/12 - r**3/6 + r**2/2 - 4*r. What are the prime factors of g(m)?
23
List the prime factors of -9 + 5719/(0 - -7).
2, 101
Let b(u) = u**2 + 14*u - 9. Let v be b(-13). Let c = v - -66. What are the prime factors of c?
2, 11
Let c(l) = 59*l - 119. What are the prime factors of c(12)?
19, 31
Let u = 5343 - 2959. List the prime factors of u.
2, 149
Suppose w = -4*c + 76 - 279, -2*c = 4*w + 756. Let t = 355 + w. List the prime factors of t.
2, 3, 7
Let o(b) be the first derivative of -b**5/12 - b**4/3 + 11*b**3/3 + 12. Let p(a) be the third derivative of o(a). List the prime factors of p(-7).
2, 31
Suppose -3*c - 5*l + 4287 = 0, 2*c - 2858 = -131*l + 132*l. List the prime factors of c.
1429
Let m = 203 - -318. What are the prime factors of m?
521
Let j(o) = -o**3 - 5*o**2 - 6*o - 4. Let b be j(-4). Let r be (b - 6)/((-2)/3). Suppose 3*a = -6, a + 39 = p - r*a. What are the prime factors of p?
31
Let t be (-8)/(((-3)/(-9))/(2/(-12))). Suppose -5*m - 2*d + 105 = 0, t*m - 3*d = 2*d + 84. What are the prime factors of m?
3, 7
Suppose -440 = -2*n - 20*n. What are the prime factors of n?
2, 5
Suppose 168 = -18*z + 32*z. Let y = -2 + 4. Suppose z = l - y. List the prime factors of l.
2, 7
Suppose -5*f + 3*f = -222. Let v = f - 209. Let s = v - -145. What are the prime factors of s?
47
Suppose 37*f - 28*f - 72 = 0. Let o = -1 - -3. Suppose 2*h = -o*h + f. What are the prime factors of h?
2
Suppose -y - g = 2, 4*g = -5*y + 3*y - 12. Let j be -1 - ((-12)/y + 1). Let s = j + 44. What are the prime factors of s?
2, 3
Let q(n) = -n**2 + 9*n + 35. Suppose -w - 24 + 32 = 0. List the prime factors of q(w).
43
Let q = -18 + 22. Suppose -3*u - 3*y = 36, -5*u + y - 54 = -0*u. What are the prime factors of (-6 + u)/((-2)/q)?
2, 17
What are the prime factors of (-3 - -2)/(-3*(-5)/(-5325))?
5, 71
Let f = 401 - -1685. What are the prime factors of f?
2, 7, 149
Let j(o) = -2*o**2 + 5*o + 2. Suppose 5*z + 5*r = 40, -5*z + z = 3*r - 28. Let c be j(z). What are the prime factors of (-2)/c - 752/(-40)?
19
Let w be (126/(-105))/(3/(-10)). Let i(m) = m**3 - 3*m**2 - m + 1. Let b be i(w). Suppose s - 12 = b. List the prime factors of s.
5
Let c(z) = 2*z**2 - z + 1. Let x be c(3). Suppose 5*l - 4 = 1. Let t = x - l. What are the prime factors of t?
3, 5
Let h(w) = -w**2 + 10*w - 8. Let l be h(10). Let r be (-638)/(-5) - l/20. Suppose -4*a - r = -8*a. What are the prime factors of a?
2
Suppose 3*t = 5*d - 3, 5*d + 0*d = -5*t + 35. Let p = 24 + d. List the prime factors of p.
3
Let u = -17 + 10. Let g(v) = -4*v - 12. What are the prime factors of g(u)?
2
Suppose 27 + 99 = 6*a. List the prime factors of 19*24/a - 4/(-14).
2, 11
List the prime factors of -104*(150/(-24) + 2).
2, 13, 17
Let j(i) = -i**3 + 25*i**2 + 63*i - 33. What are the prime factors of j(27)?
2, 3, 5, 7
Let j(z) = -z**2 + z + 3. Suppose 0 = -2*g - 5*q - 8, 5*g + 11 = -3*q - 9. Let b be 2/9 + g/18. List the prime factors of j(b).
3
Let x(m) = m**3 - 8*m**2 - 9*m - 4. Let k be x(9). Let i be (-2856)/(-60) + k/(-10). Let w = i + -24. List the prime factors of w.
2, 3
Suppose 6*w - 2 = 4*w. What are the prime factors of w*(1 + 46) - -2?
7
Suppose 0 = 5*b - 2*m - 7390, 3*m - 5935 = 4*b - 8*b. What are the prime factors of b?
2, 5, 37
Let x(g) be the first derivative of -2*g**3/3 - g**2/2 + g + 2. Let n be x(1). Let d(b) = -28*b - 1. What are the prime factors of d(n)?
5, 11
Let p = -113 - -633. List the prime factors of p.
2, 5, 13
Suppose -136 = -k + 2239. What are the prime factors of k?
5, 19
Let j = -1 - -27. Suppose -21*y - 170 = -j*y. List the prime factors of y.
2, 17
Let v be (-225)/21 - 6/21. Let o be (-9)/v + 8/44. Let h(n) = 6*n**3 + 2*n**2 - n. What are the prime factors of h(o)?
7
Let p(v) = v**3 - 7*v**2 - 7*v - 6. Let l be p(8). Let z(r) = 10*r - 6. What are the prime factors of z(l)?
2, 7
Let n(r) = -r**2 - 13*r. Let u be n(-12). Suppose -u = -m + 59. What are the prime factors of m?
71
Suppose -w = -10*w. Suppose -7*a + 1127 = -w*a. What are the prime factors of a?
7, 23
Suppose 2*q = -3*j + 1136 - 32, -4*q + j = -2222. What are the prime factors of q?
3, 5, 37
Let r(p) = 7*p**2 - 3*p - 6*p - 6*p**2 - p + 13. Let h be r(10). Let i(a) = a + 2. List the prime factors of i(h).
3, 5
Suppose 1259*q - 40568 = 1248*q. List the prime factors of q.
2, 461
Let w(y) = 358*y - 118. List the prime factors of w(11).
2, 5, 191
Suppose 3*g = -0*g + 9. Suppose 2*x - h + 4*h - 54 = 0, -g*x - 2*h + 76 = 0. Suppose -2*d - 16 = -2*v, -4*d - x = -0*v - 3*v. List the prime factors of v.
2
Let c(z) = 21*z**3 + z**2 - z - 2. Let o be c(-1). Let l = o - -105. List the prime factors of l.
2, 3, 7
Let p(x) = -5*x + 42. Let b be p(9). List the prime factors of (-15266)/(-51) + (-2)/b.
2, 3, 5
Let i(y) = -y**3 - 6*y**2 + 2*y - 10. What are the prime factors of i(-7)?
5
Let j = -5 - -8. Suppose 5*h - 297 = -4*z, -h - 2*z - j*z = -51. List the prime factors of h.
61
Let h(r) = -2*r**3 - 3*r**2 + 2. Let o be h(-2). Let t be (-2*o)/(6/4). Let k = 29 + t. What are the prime factors of k?
3, 7
Let g(a) = a**3 - 2*a**2 - 3*a + 2. Let w be g(3). Let k be 10/2 + (-17 - -7). What are the prime factors of w/(-2) + (k - -51)?
3, 5
Suppose -4*i = 5*y - 9640, -5*i = -26*y + 22*y - 12050. What are the prime factors of i?
2, 5, 241
Let d(z) = 6*z + 24. Let n be d(0). Let v = 11 + -6. Let m = n - v. List the prime factors of m.
19
Let c be 1/(-4)*-4*-1. What are the prime factors of c - -56 - (3 - 2)?
2, 3
Suppose 2*t + 8 = 4*t. Suppose t*l = 5*l - 2. Suppose 1 + 29 = l*n. List the prime factors of n.
3, 5
Let q be (8/20)/((-2)/(-40)). Suppose -5*d - 16 = -d. Let l = q + d. What are the prime factors of l?
2
Suppose 0 = 4*q + 2*n + 6, 2*n - 12 = -4*q + 6*n. Suppose 3*v - a - 94 = q, 5*v - 6*a + 2*a - 159 = 0. What are the prime factors of v?
31
Let p be 5/((-76)/(-40) + -2). Let o = -30 - p. List the prime factors of o/(-4 - 42/(-9)).
2, 3, 5
Let p(h) = -243*h - 310. What are the prime factors of p(-10)?
2, 5, 53
Suppose 930 = 6*h - 60. Suppose 0 = -5*j + 945 + h. What are the prime factors of j?
2, 3, 37
Let t be (-138)/42 + 4/14 + 93. Let l = t - 19. What are the prime factors of l?
71
Let n = 5 + -2. Suppose n*y - 40 = -1. Suppose w = y + 7. List the prime factors of w.
2, 5
Let i = -1107 + 1873. What are the prime factors of i?
2, 383
Let x(v) = -50*v - 34. Let k be x(-11). Let a = k + -354. List the prime factors of a.
2, 3
Let p(c) = 5*c**2 + 8*c + 18. Let j be p(-6). Suppose 4*b - j = 9*b. Let i = 47 + b. List the prime factors of i.
17
What are the prime factors of (-3)/(-5 + -1)*1484?
2, 7, 53
Suppose d - 2*i = -6*i + 33, -5*i + 69 = 2*d. Let o = 50 - d. What are the prime factors of o?
13
Suppose -g + 13 = -2*g - 3*j, 3*g + 4*j + 14 = 0. Suppose g*z - 2*m = -2*z + 118, -3*z + 3*m = -96. List the prime factors of z*1/(-2)*-2.
3
Suppose 5*z - 4537 = -2*x, 1183 = x + 2*z - 1083. What are the prime factors of x?
2, 3, 47
Let p = -29 + -1. Let q = 34 + p. List the prime factors of q.
2
Let i(w) = -w**3 - 20*w**2 + 37*w - 41. List the prime factors of i(-22).
113
Let f = -267 + 166. Let v = f - -165. What are the prime factors of v?
2
Suppose 3 - 3 = 4*i. Suppose r - 38 = -3*v, i = -4*r - 0*r + 8. What are the prime factors of v?
2, 3
Suppose -294*y = -284*y - 23330. What are the prime factors of y?
2333
Let z(o) = o**3 - 8*o**2 - 5*o. Let t be (4 - -9) + -4 + 0. List the prime factors of z(t).
2, 3
Suppose -3*j + 1038 = -5421. What are the prime factors of j?
2153
Let s = -16 - -20. Suppose 2*i - 137 = -3*n, 4*n - 142 = 2*i - s*i. List the prime factors of i.
61
Let u be (-2)/(-4)*2 - -21. Let v(c) = 24*c + 6. Let h be v(21). List the prime factors of h/u - (-4)/(-22).
23
Suppose -2 - 6 = -4*u. Let w(z) be the second derivative of 2*z**3 + 3*z**2/2 + 2*z. What are the prime factors of w(u)?
3
Let u = 1 + 4. Suppose h + 312 = u*h. Suppose 3*j + 51 = 7*j + 3*i, -5*j = -i - h. What are the prime factors of j?
3, 5
Let q(y) = -y**2 + 7*y -